, g = -3*l - 0*l. What are the prime factors of g?
3
List the prime factors of (2 - 1)*6*(-215)/(-15).
2, 43
Let z(w) = -w - 9. Let n be z(11). Let m = 11 - n. What are the prime factors of m?
31
Suppose -4*m + 4*b = -2*m - 80, 0 = -5*m - 4*b + 130. List the prime factors of m.
2, 3, 5
Let v(j) = 9*j - 1. Let d(b) = -b**2 - 2*b. Let a be d(-1). Let q be v(a). Suppose -2*r + 2 = 2*x - x, 0 = 4*x - 5*r - q. What are the prime factors of x?
2
What are the prime factors of 2 - (-3 - -2)*17?
19
Let o(t) = -t + 12. Let h be o(8). Suppose -h*f - 5*k - 33 = -8*f, k = -5*f + 34. Suppose -f*v + 12 = -3*v. What are the prime factors of v?
3
Let c(b) = b**2 - 3*b - 3. Suppose -3*s = -8*s - 15. List the prime factors of c(s).
3, 5
What are the prime factors of (87/4 - 1)/(6/120)?
5, 83
Let k(b) = -b - 5*b**2 + 5*b**2 + 0*b**2 + 8*b**2. What are the prime factors of k(1)?
7
Suppose -3*g + 17 = -4. What are the prime factors of ((-70)/g)/(-1 + -1)?
5
Let g(i) = -i**2 + 5*i. Let o be g(5). Let q(c) = -4*c + 9 + 2*c**2 - 2*c - c**2 + o*c. List the prime factors of q(6).
3
Let b = 18 - 13. Suppose 0 = -3*j + 16 + 20. Suppose g = b*g - j. List the prime factors of g.
3
Let d(j) be the second derivative of -3*j + 1/12*j**4 + 0 + 5/2*j**2 - 1/6*j**3. List the prime factors of d(0).
5
Let s(k) = 60*k - 47. What are the prime factors of s(7)?
373
Let i(u) = u**3 + 6*u**2 + 3*u + 3. Let p be i(-5). Let g = 40 - p. What are the prime factors of g?
3
Let q be 291/15 + 4/(-10). Suppose 21 = 4*d - q. What are the prime factors of d?
2, 5
Let w be 2 + -2 - -5*2. Suppose 3*t = -0*t - b + 37, -5*b - w = 0. List the prime factors of t.
13
Suppose 5*u - 10 = -4*t + 19, -4*t = -2*u - 22. What are the prime factors of t?
2, 3
Let j = 2 + 4. What are the prime factors of j?
2, 3
Suppose 0 = c + 2, -3*u - 5*c = -25 - 28. What are the prime factors of u?
3, 7
Suppose r = -3, -90 = -f - 4*r - 14. What are the prime factors of f?
2, 11
Suppose 4*k - 4*r = 12, 0*r = -r - 1. Let w be (-4 - -2) + 2*k. What are the prime factors of 44/(-8)*w*-1?
11
Suppose -2*d + 37 = y, -4*y - 2*d = -2*y - 74. What are the prime factors of y?
37
Let q = 28 + -20. Suppose -4*u = -3*x - 16, 0*x - 5*x - q = -2*u. Suppose 3*s - 19 = -t, t - 1 + 3 = x. What are the prime factors of s?
7
Suppose 4*s + 30 = 2*w, -3*w + w + 3*s = -25. Suppose 4*k + 40 = -k + 5*q, 3*k + w*q = -40. Let y = k + 14. List the prime factors of y.
2
Let o(f) = -f**3 + 2*f**2 + 11*f + 7. List the prime factors of o(-5).
127
Let m(h) = -h**3 - 7*h**2 + 10*h + 6. Let c be m(-8). Let a be (-100)/(-8)*(-32)/c. Suppose -2*t + a = 2*t. What are the prime factors of t?
2, 5
List the prime factors of 872/12 + (-2)/(-6).
73
Let p(u) = -7*u - 3. Let t be p(-3). What are the prime factors of 20/6*t/12?
5
Suppose 3*u - 5 = -k, -k = -2*u + 3 - 8. Suppose k*h + 2*m - 14 = -42, -m + 4 = -2*h. What are the prime factors of h/(-8) + (-21)/(-2)?
11
Suppose -5*q + 17 = 42. Let k = q + 6. Suppose 2*v = 9 - k. What are the prime factors of v?
2
Suppose 3*t = 2*h + 74, 0*t + 102 = 4*t - 2*h. List the prime factors of t.
2, 7
Suppose 144 = -0*r + 4*r. List the prime factors of r.
2, 3
Let f(r) = r**3 + 9*r**2 + 5*r - 11. Let d(v) = 2*v**3 + 18*v**2 + 11*v - 22. Let q(w) = -3*d(w) + 5*f(w). Let i = -3 + -5. List the prime factors of q(i).
11
Let c = -3 + 6. Let d = -6 + c. List the prime factors of 6/((d - -1) + 3).
2, 3
Let p be (4 + 2)*1/(-3). Let r = 25 + -51. List the prime factors of (1 - r/(-4))*p.
11
Let j(u) = 2*u - 1. Let h(r) = -2*r + 1. Let y(f) = 3*h(f) + 4*j(f). List the prime factors of y(8).
3, 5
Suppose i + 3*w = 0, 5*i - 4*w - w = 20. Suppose 0*v + i*v = 24. What are the prime factors of v?
2
What are the prime factors of 1/(-3) + (-152)/(-6)?
5
Let u(q) = -2*q + 4 + 3*q + 5 - 1. Let n be u(7). What are the prime factors of (4/5)/(3/n)?
2
Let q = -17 + 25. Let s = 0 - q. List the prime factors of (0 - (-6)/s)*-12.
3
Let d(w) = 36*w**2 - 6*w + 1. What are the prime factors of d(-3)?
7
Let y(q) = q - 4. Let v be (-3)/(-6)*(1 - -17). List the prime factors of y(v).
5
Suppose 2*s - 2*f - 32 = -4*f, -5*s = 4*f - 81. Let l = -12 + s. What are the prime factors of l?
5
Let x be 8 + -2 + -2 + 0. Suppose -h + 2*d + 17 = 0, 0*h - 17 = -h - x*d. List the prime factors of h.
17
Let m = -4 - -4. Suppose -3*i = -4*u - 47, m*i + 3*i - 41 = u. What are the prime factors of i?
13
Let w be (-2546)/10 + 14/(-35). Let j be (-2 + 4)/((-6)/w). Suppose x = -4*x + j. List the prime factors of x.
17
Let r = 1 - -14. Let y be 0/2 + -3 - -5. Suppose 4*g + 2 = y*s - 0, -5*g - s + r = 0. List the prime factors of g.
2
Let u = 110 - 74. List the prime factors of u.
2, 3
Let l = 20 + -12. What are the prime factors of l/6*63/6?
2, 7
Let b = -4 - 11. Let x = b + 18. List the prime factors of x.
3
Suppose 0 = -4*o - 2*t - 222, 3*o - t + 31 = -148. Let p be o/(-12) + (-7)/(-42). Suppose p*u - 40 = 15. What are the prime factors of u?
11
Let y(k) = k**3 - 6*k**2 - 6*k - 5. Let o be y(7). Let v = -3 - -3. Suppose -o*l - d + 62 = 3*l, v = -5*l - 5*d + 50. List the prime factors of l.
13
Let j(u) = -4*u**3 - 11*u**2 + 12*u + 23. What are the prime factors of j(-6)?
419
Let y = 2 - -15. List the prime factors of y.
17
Let z(a) = -a**3 - a**2 + a + 1. Let u be z(-1). Suppose u = -3*j + 3. List the prime factors of 16 + 1 + (-2 - j).
2, 7
Suppose -5*n + n - 47 = 5*d, 2*d = 4*n - 2. Let v be (-44)/d + (-4)/14. Let z = v + -3. List the prime factors of z.
3
Suppose 44 + 13 = -3*x. Let f = -27 - x. What are the prime factors of 63/(-14)*f/6?
2, 3
Suppose 0 = -p + w + w - 3, 2*p + w = -16. Let x = p - -11. List the prime factors of x.
2
Let m be (-2)/(-2) + -3 + -7. Let b(x) = -8*x - 4. Let o be b(-3). Let d = o + m. What are the prime factors of d?
11
Suppose 4*h - 1 = -5. Let d = 1 - h. Suppose -5*c + 21 = d*m, -5*c = -m - 20 - 7. List the prime factors of c.
5
List the prime factors of ((-981)/9)/(-1 + (2 - 2)).
109
Suppose -m - 599 = -3*g, 2*g = m + 3*m + 396. What are the prime factors of g?
2, 5
Suppose -x + 7 = -34. List the prime factors of x.
41
Suppose 3 + 12 = 3*y. Let l = 10 - y. Let j = 8 - l. List the prime factors of j.
3
What are the prime factors of (-774)/(-39) - 2/(-13)?
2, 5
Let p = 26 + -12. What are the prime factors of p?
2, 7
Suppose 5*z = -3*u - 15, 5*u = 4*z - 14 - 11. Suppose z = 2*s - s - 5. Suppose -s*i + 4 = -3*i. List the prime factors of i.
2
Let f(g) = g**2 - 2*g - 11. List the prime factors of f(8).
37
List the prime factors of (-12)/(-7)*(18 - -10).
2, 3
Suppose s + 1 = 3*s - 5*k, -s = -3*k - 1. Let x = s - -6. Suppose x*h - u + 3*u - 62 = 0, h - 20 = -5*u. What are the prime factors of h?
3, 5
Let d be 0*(-3 + 4)/2. Suppose d*n = -n + 3*h + 2, -2*n = -4*h - 14. List the prime factors of n.
17
Suppose 3*r = 0, -2*c - 2*r = -r. Suppose 0*s + s - 24 = c. What are the prime factors of s?
2, 3
Suppose 7 + 8 = 3*a. Let b(h) = h**3 - 6*h**2 + 5*h. Let z be b(a). Suppose 35 = 5*g - 3*d, z*d + 11 = 4*g + d. What are the prime factors of g?
2
Suppose 0 = 7*z - 3*z. Suppose 2*u = 5*i - u - 34, 2*i + 2*u - 20 = z. List the prime factors of i.
2
Let t(o) = o**2 + 21*o - 42. What are the prime factors of t(-31)?
2, 67
Let f = 2 - 0. Suppose -2 = -3*b + f*b. Suppose -4*c = -3*x - 74, -4*c + 0*x + b*x = -76. List the prime factors of c.
2, 5
Let y(b) be the third derivative of b**5/60 + b**4/3 - 5*b**3/6 - b**2. List the prime factors of y(-10).
3, 5
Let z = -33 - -266. List the prime factors of z.
233
Suppose -5*r + 4*r = 4. Let i = -7 + 18. Let y = r + i. List the prime factors of y.
7
Let u be 2*16/4*6. Suppose 0*h = -w + 5*h + u, 3*w = -5*h + 44. List the prime factors of w.
23
Let o(z) = -2*z - 2*z + 2*z + 3*z. List the prime factors of o(10).
2, 5
Suppose -5*n = 5*u - 75 + 15, -2*n = 5*u - 54. Suppose 5*c - 10 - u = 0. Suppose -2*q - c*b + 14 = -2, -3*q + 24 = b. List the prime factors of q.
2
Let z(t) = -34*t - 3. What are the prime factors of z(-2)?
5, 13
Let z = -9 - -11. Suppose -d + k = -z - 15, 2*k + 20 = d. What are the prime factors of d?
2, 7
Let w be 0 + (2 - 3/3). Let g be -1 + 1 + w - 0. Let d(o) = 13*o**3 + o**2 - 1. List the prime factors of d(g).
13
Let z(i) = -i**3 + 6*i**2 - 5*i + 2. Let a be z(5). Let h = a - -39. What are the prime fact